{"id":1157,"date":"2023-03-03T11:27:46","date_gmt":"2023-03-03T10:27:46","guid":{"rendered":"http:\/\/compagnieaufildeleau.com\/?page_id=1157"},"modified":"2024-01-29T15:28:47","modified_gmt":"2024-01-29T14:28:47","slug":"transmission","status":"publish","type":"page","link":"https:\/\/compagnieaufildeleau.com\/index.php\/transmission\/","title":{"rendered":"Transmission"},"content":{"rendered":"\n<hr class=\"wp-block-separator has-alpha-channel-opacity is-style-wide\"\/>\n\n\n\n<div style=\"height:22px\" aria-hidden=\"true\" class=\"wp-block-spacer\"><\/div>\n\n\n\n<h2>La transmission : actions culturelles, ateliers de pratique<\/h2>\n\n\n\n<figure class=\"wp-block-image alignwide size-large\"><img decoding=\"async\" loading=\"lazy\" width=\"1024\" height=\"683\" src=\"http:\/\/compagnieaufildeleau.com\/wp-content\/uploads\/2022\/01\/instrus-3-1024x683.jpg\" alt=\"\" class=\"wp-image-241\" srcset=\"https:\/\/compagnieaufildeleau.com\/wp-content\/uploads\/2022\/01\/instrus-3-1024x683.jpg 1024w, https:\/\/compagnieaufildeleau.com\/wp-content\/uploads\/2022\/01\/instrus-3-300x200.jpg 300w, https:\/\/compagnieaufildeleau.com\/wp-content\/uploads\/2022\/01\/instrus-3-768x512.jpg 768w, https:\/\/compagnieaufildeleau.com\/wp-content\/uploads\/2022\/01\/instrus-3-1536x1024.jpg 1536w, https:\/\/compagnieaufildeleau.com\/wp-content\/uploads\/2022\/01\/instrus-3-2048x1365.jpg 2048w\" sizes=\"(max-width: 1024px) 100vw, 1024px\" \/><\/figure>\n\n\n\n<div style=\"height:37px\" aria-hidden=\"true\" class=\"wp-block-spacer\"><\/div>\n\n\n\n<p>Si la sc\u00e8ne est un moyen puissant de partager la passion des artistes avec le public, un autre moyen est de donner \u00e0 ce public la possibilit\u00e9 de vivre le geste artistique, dans son corps et ses vibrations, dans ses questionnements, dans ses exigences et ses accomplissements.<br><br>Faire de la musique ensemble est un vecteur de lien social, d\u2019\u00e9panouissement, et permet de travailler l\u2019\u00e9coute, l\u2019ouverture \u00e0 l\u2019autre et \u00e0 soi, sa place dans un groupe, le d\u00e9passement. C\u2019est finalement une grande source de bonheur. &nbsp;<\/p>\n\n\n\n<p>La transmission par le collectif est une volont\u00e9, un \u00e9l\u00e9ment important pour la compagnie. Elle s\u2019articule autour de plusieurs axes&nbsp;:<\/p>\n\n\n\n<p>\u2013 ateliers collectifs ponctuels autour de la voix, des percussions corporelles et du travail sc\u00e9nique (adulte, interg\u00e9n\u00e9rationnel)<br>\u2013 ateliers enfants dans le cadre des spectacles jeune public (sensibilisation au spectacle, ateliers de pratique)<br>\u2013 travail vocal et sc\u00e9nique r\u00e9gulier sur des projets de classes, en collaboration avec les enseignants<\/p>\n\n\n\n<div style=\"height:22px\" aria-hidden=\"true\" class=\"wp-block-spacer\"><\/div>\n\n\n\n<hr class=\"wp-block-separator has-alpha-channel-opacity is-style-wide\"\/>\n\n\n\n<h2>Les actions men\u00e9es en 2024<\/h2>\n\n\n\n<p>Apr\u00e8s le succ\u00e8s du premier album de chansons de l&rsquo;\u00e9cole de Correns, on ne va pas s&rsquo;arr\u00eater en si bon chemin! Nous repartons donc pour un travail d&rsquo;accompagnement artistique et technique \u00e0 ce merveilleux projet, port\u00e9 par l&rsquo;\u00e9quipe enseignante et son directeur, St\u00e9phane B\u00e9gnis. Objectif: un album de chansons en juin 2024.<br>Pour l&rsquo;instant, nous sommes en phase d&rsquo;\u00e9criture. La compagnie apporte son soutien artistique sur l&rsquo;\u00e9criture de 3 chansons (s\u00e9ances hebdomadaires de janvier \u00e0 mars). A partir d&rsquo;avril, nous serons en charge d&rsquo;un travail vocal et de r\u00e9p\u00e9tition avec les enfants, ainsi que de l&rsquo;arrangement musical de toutes les chansons de l&rsquo;album!<br><br>Dans un autre contexte, nous proposons des ateliers de pratique collective, surtout autour du chant et des percussions corporelles. Prochains ateliers: samedi 17 et dimanche 18 f\u00e9vrier (un atelier adultes et un atelier interg\u00e9n\u00e9rationnel). Infos sur la page d&rsquo;accueil du site)<\/p>\n\n\n\n<div style=\"height:22px\" aria-hidden=\"true\" class=\"wp-block-spacer\"><\/div>\n\n\n\n<hr class=\"wp-block-separator has-alpha-channel-opacity is-style-wide\"\/>\n\n\n\n<h2>Les actions men\u00e9es en 2023<\/h2>\n\n\n\n<p>Dans le cadre de \u00ab\u00a0Notre \u00e9cole, faisons-l\u00e0 ensemble\u00a0\u00bb (Education Nationale), l&rsquo;\u00e9cole de Correns souhaite r\u00e9aliser 4 albums de chansons en 4 ans.<br>La Compagnie Au Fil de l&rsquo;Eau a apport\u00e9 sa pierre \u00e0 l&rsquo;\u00e9difice:<br>&#8211; ateliers d&rsquo;\u00e9criture pour une nouvelle chanson (classe de CE2\/CM1\/CM2)<br>&#8211; reprise des chansons (textes, musiques), et arrangements (instruments et voix) en vue de l&rsquo;enregistrement de l&rsquo;album<br>&#8211; coordination artistique (plannings, musiciens, invit\u00e9s, ing\u00e9nieur du son&#8230;)<br>&#8211; interventions en direction de choeur pour travailler et r\u00e9p\u00e9ter toutes les chansons de ce premier disque (les 4 classes de l&rsquo;\u00e9cole)<br>&#8211; s\u00e9ances d&rsquo;enregistrement (musiciens en studio, enfants au village)<br>&#8211; mixage de l&rsquo;album<\/p>\n\n\n\n<div style=\"height:22px\" aria-hidden=\"true\" class=\"wp-block-spacer\"><\/div>\n\n\n\n<hr class=\"wp-block-separator has-alpha-channel-opacity is-style-wide\"\/>\n\n\n\n<h2>Les actions men\u00e9es en 2022<\/h2>\n\n\n\n<p>Projet 2021-2022 avec les CM1-CM2 de l\u2019\u00e9cole de Correns: \u00e9criture de chansons et restitutions (Op\u00e9ra de Toulon et Printemps du Monde de Correns)<\/p>\n\n\n\n<p>Ateliers de d\u00e9couverte du chant br\u00e9silien: 3 dimanches \u00e0 Correns (voir page actualit\u00e9s pour les d\u00e9tails)<\/p>\n\n\n\n<div style=\"height:22px\" aria-hidden=\"true\" class=\"wp-block-spacer\"><\/div>\n\n\n\n<p><em>Cr\u00e9dits photo: Caroline Boghossian<\/em><\/p>\n","protected":false},"excerpt":{"rendered":"<p>La transmission : actions culturelles, ateliers de pratique Si la sc\u00e8ne est un moyen puissant de partager la passion des artistes avec le public, un autre moyen est de donner \u00e0 ce public la possibilit\u00e9 de vivre le geste artistique, dans son corps et ses vibrations, dans ses questionnements, dans ses exigences et ses accomplissements. &hellip;<\/p>\n<p class=\"read-more\"> <a class=\"\" href=\"https:\/\/compagnieaufildeleau.com\/index.php\/transmission\/\"> <span class=\"screen-reader-text\">Transmission<\/span> Lire la suite\u00a0\u00bb<\/a><\/p>\n","protected":false},"author":1,"featured_media":0,"parent":0,"menu_order":0,"comment_status":"closed","ping_status":"closed","template":"","meta":{"site-sidebar-layout":"default","site-content-layout":"default","ast-global-header-display":"","ast-main-header-display":"","ast-hfb-above-header-display":"","ast-hfb-below-header-display":"","ast-hfb-mobile-header-display":"","site-post-title":"","ast-breadcrumbs-content":"","ast-featured-img":"","footer-sml-layout":"","theme-transparent-header-meta":"","adv-header-id-meta":"","stick-header-meta":"","header-above-stick-meta":"","header-main-stick-meta":"","header-below-stick-meta":""},"_links":{"self":[{"href":"https:\/\/compagnieaufildeleau.com\/index.php\/wp-json\/wp\/v2\/pages\/1157"}],"collection":[{"href":"https:\/\/compagnieaufildeleau.com\/index.php\/wp-json\/wp\/v2\/pages"}],"about":[{"href":"https:\/\/compagnieaufildeleau.com\/index.php\/wp-json\/wp\/v2\/types\/page"}],"author":[{"embeddable":true,"href":"https:\/\/compagnieaufildeleau.com\/index.php\/wp-json\/wp\/v2\/users\/1"}],"replies":[{"embeddable":true,"href":"https:\/\/compagnieaufildeleau.com\/index.php\/wp-json\/wp\/v2\/comments?post=1157"}],"version-history":[{"count":10,"href":"https:\/\/compagnieaufildeleau.com\/index.php\/wp-json\/wp\/v2\/pages\/1157\/revisions"}],"predecessor-version":[{"id":1386,"href":"https:\/\/compagnieaufildeleau.com\/index.php\/wp-json\/wp\/v2\/pages\/1157\/revisions\/1386"}],"wp:attachment":[{"href":"https:\/\/compagnieaufildeleau.com\/index.php\/wp-json\/wp\/v2\/media?parent=1157"}],"curies":[{"name":"wp","href":"https:\/\/api.w.org\/{rel}","templated":true}]}}